ert -20310211320 (base 4) to base 14.
-442ab6
Convert -196643 (base 10) to base 11.
-124817
What is 32153 (base 12) in base 11?
45543
Convert -168cd8 (base 14) to base 15.
-109d94
Convert -3001230011 (base 4) to base 12.
-323145
What is 543413 (base 8) in base 2?
101100011100001011
10223212311 (base 5) to base 14
160039c
Convert -14644636 (base 7) to base 5.
-330000103
Convert 1122555 (base 15) to base 16.
bb0f85
What is 313242133 (base 5) in base 12?
52b8a6
480632 (base 11) to base 13
208b57
What is 101110011000111110010 (base 2) in base 9?
2766175
What is -4350321 (base 9) in base 3?
-11101200100201
What is -2aa0c4 (base 13) in base 14?
-1d4ab4
Convert -2232331103 (base 4) to base 13.
-1c1252
Convert 7321221 (base 9) to base 7.
45150052
What is 112110100202122 (base 3) in base 15?
a1b8c8
-666477 (base 8) to base 13
-7b2b0
260219 (base 14) to base 5
313302214
What is -21200101201 (base 4) in base 3?
-11200120200101
214040 (base 5) to base 3
101010220
Convert -1ffbe (base 16) to base 7.
-1053641
What is -9ddfe9 (base 16) in base 10?
-10346473
-3174101 (base 8) to base 7
-10140043
What is 1020542305 (base 6) in base 14?
15c0cc9
-1011100011001000100 (base 2) to base 6
-12040004
What is 100b2 (base 13) in base 6?
340522
What is 16434151 (base 8) in base 16?
3a3869
4355711 (base 8) to base 6
41030225
-112540 (base 8) to base 16
-9560
What is -17b180 (base 15) in base 16?
-1190f4
What is 254890 (base 12) in base 16?
94cec
2010101112122 (base 3) to base 6
40113412
What is 37479a3 (base 12) in base 13?
2310108
-4929479 (base 11) to base 9
-17123143
-2011022122 (base 3) to base 8
-123023
Convert -cb1 (base 13) to base 6.
-14020
What is 7994dc (base 15) in base 13?
1282290
Convert -12100112102 (base 3) to base 7.
-616121
Convert -15a34 (base 12) to base 16.
-7888
47a3f8 (base 16) to base 11
27174a1
What is 110121132 (base 4) in base 8?
243136
Convert 111212121001 (base 3) to base 4.
1002222313
Convert 11202201021 (base 3) to base 6.
2002224
-cdca6 (base 16) to base 14
-17d286
What is -312175 (base 10) in base 13?
-ac126
Convert 6695b3 (base 13) to base 3.
11112221110111
What is -3eb75e (base 16) in base 14?
-78dc3c
What is 302011 (base 7) in base 16?
c7ab
What is -30224010 (base 5) in base 10?
-242380
What is -166343320 (base 7) in base 11?
-6526a63
-6022460 (base 7) to base 14
-1474a0
-40132535 (base 6) to base 11
-703580
What is 3166355 (base 8) in base 14?
1809c1
What is 1303340453 (base 6) in base 9?
31676316
Convert -201e95 (base 16) to base 9.
-3857437
Convert 86556 (base 12) to base 3.
22222212010
What is -4644664 (base 9) in base 5?
-1120303022
Convert -251164 (base 11) to base 5.
-100144304
Convert 32740 (base 11) to base 8.
134564
9304069 (base 10) to base 13
1c09b88
-1011010001010110100111 (base 2) to base 16
-2d15a7
Convert -31304125 (base 6) to base 13.
-25b6a7
Convert -15433502 (base 6) to base 7.
-4444460
What is -4605566 (base 7) in base 4?
-2030000012
-428a08 (base 11) to base 10
-685352
2d7c4 (base 16) to base 5
21430213
Convert -1a5a3 (base 13) to base 9.
-77582
Convert -169452 (base 10) to base 14.
-45a7a
Convert 43b45 (base 15) to base 7.
1554206
57a64 (base 11) to base 9
136853
What is -21578063 (base 9) in base 8?
-47657230
-1aa098 (base 12) to base 7
-4011503
a0652 (base 13) to base 6
10051135
Convert 4275a4 (base 14) to base 8.
10447414
-1101101011100110 (base 2) to base 6
-1111234
What is 13122030 (base 6) in base 9?
725750
-112006 (base 7) to base 12
-b624
What is -1303112202 (base 4) in base 5?
-110104412
Convert -1130302031 (base 4) to base 13.
-103ca3
-3033a (base 13) to base 8
-250337
100110604 (base 7) to base 10
5784307
What is 102120021010 (base 3) in base 4?
313210320
-1034275 (base 10) to base 14
-1ccccb
What is -1135972 (base 10) in base 5?
-242322342
What is 2121010220120 (base 3) in base 12?
566bb0
What is -2203010200 (base 4) in base 8?
-2430440
413403001 (base 6) to base 9
14437501
4aa23 (base 11) to base 4
101312111
What is 21120000110 (base 3) in base 4?
210103320
What is 2223023331 (base 4) in base 10?
701181
Convert -10213212030 (base 4) to base 6.
-41541220
What is 1100101001101101 (base 2) in base 8?
145155
What is -1002177 (base 8) in base 4?
-1000101333
-1011011000010011 (base 2) to base 7
-252615
What is -511a0 (base 12) in base 8?
-316310
Convert -120102110202 (base 3) to base 5.
-34203413
Convert -2045323 (base 7) to base 10.
-246781
What is 10100101001010111111101 (base 2) in base 4?
110221113331
Convert -71212 (base 14) to base 3.
-111211012110
What is 108c78 (base 15) in base 8?
3005304
What is -110101011010010100001 (base 2) in base 4?
-12223102201
What is -12642331 (base 7) in base 4?
-10131223132
179665 (base 10) to base 14
49693
105c4 (base 13) to base 4
13031332
4330332 (base 7) to base 3
222211211000
Convert 388042 (base 9) to base 2.
111001011111110001
Convert -296799 (base 10) to base 6.
-10210023
Convert -e54a9 (base 15) to base 11.
-456a72
-2120716 (base 13) to base 16
-99dba3
What is 2241771 (base 9) in base 10?
1208584
What is 101000111001110011010001 (base 2) in base 11?
6063a8a
What is -1782ac (base 15) in base 13?
-30c681
Convert -4eb2e (base 16) to base 14.
-85690
What is 1cc55 (base 14) in base 7?
425035
Convert 11352 (base 14) to base 7.
232632
123162 (base 13) to base 9
733046
Convert -1050045 (base 8) to base 14.
-75021
Convert 101101222211 (base 3) to base 10.
204844
64150 (base 8) to base 7
140632
What is 302167 (base 11) in base 13?
1402a4
Convert 165781 (base 9) to base 12.
4b524
Convert e977 (base 16) to base 15.
12a97
Convert -6b2a48 (base 14) to base 9.
-6783448
Convert 1420223 (base 5) to base 13.
10526
Convert -1215600 (base 7) to base 6.
-3200413
Convert 110343540 (base 6) to base 15.
294496
What is -1272821 (base 11) in base 13?
-5c0378
Convert -847062 (base 12) to base 4.
-13331032022
Convert 4832d0 (base 16) to base 10.
4731600
-1452b2 (base 15) to base 11
-6098a4
What is -155eee (base 15) in base 8?
-3741055
-23a55 (base 13) to base 8
-177701
What is -5310140 (base 6) in base 5?
-31223324
What is -33214044 (base 7) in base 5?
-1213022440
2b422 (base 12) to base 14
18390
What is -143420010 (base 6) in base 4?
-23111311212
What is -2543224 (base 6) in base 11?
-94847
Convert 3362103 (base 7) to base 4.
1212023100
Convert 1445563 (base 7) to base 8.
577606
What is 1001010100000101 (base 2) in base 11?
26731
What is 10201011121211 (base 3) in base 7?
22521211
Convert -1130202201 (base 4) to base 9.
-636846
Convert 30662 (base 9) to base 15.
5ed5
Convert 17362604 (base 10) to base 14.
243d6a0
-159735 (base 11) to base 12
-bb014
What is -111133 (base 4) in base 16?
-55f
Convert -15e47 (base 16) to base 6.
-1531051
-1222040 (base 13) to base 11
-31a6698
Convert 3a553 (base 12) to base 3.
11002010000
Convert 106882 (base 11) to base 9.
278284
What is 4204672 (base 9) in base 14?
426dd7
49b39 (base 16) to base 15
5e6a6
-119299 (base 11) to base 6
-4010245
-5524231 (base 10) to base 13
-11b559b
What is -30123022023 (base 4) in base 11?
-1925013
What is -305823 (base 9) in base 13?
-64797
Convert 11c0013 (base 14) to base 16.
8221f1
What is -21809a (base 12) in base 7?
-4345006
What is -763045 (base 12) in base 13?
-506aaa
What is 110010000000110000 (base 2) in base 3?
101101222222
Convert 837419 (base 14) to base 6.
235041343
Convert 19763 (base 10) to base 4.
10310303
What is bc84 (base 14) in base 2?
111111110001100
Convert 176466 (base 8) to base 15.
14317
-2220162 (base 8) to base 14
-117d98
Convert -1031103001 (base 5) to base 4.
-20122232202
What is -2012110220012 (base 3) in base 10?
-1170698
Convert 11000000111000100111000 (base 2) to base 16.
607138
What is -c985a (base 16) in base 2?
-11001001100001011010
Convert 317151 (base 8) to base 16.
19e69
112051400 (base 6) to base 10
2059704
-103044532 (base 6) to base 8
-6756050
What is -2120335 (base 9) in base 4?
-10111023200
18a955 (base 11) to base 8
1073436
What is 104c55 (base 14) in base 15?
ad4d7
Convert -5555110 (base 6) to base 15.
-57d5c
Convert -26a673 (base 11) to base 2.
-1100111100010000000
Convert 9cdaa (base 15) to base 16.
79e0a
Convert -15300342 (base 6) to base 16.
-83066
Convert 153337b (base 14) to base 9.
21413626
Convert -21737 (base 12) to base 2.
-1010110011011011
What is -232929 (base 11) i